What is the highest common factor of 64 and 169320128?
64
Calculate the greatest common divisor of 8601105 and 11811.
93
What is the highest common factor of 149654872 and 41192?
2168
What is the greatest common divisor of 6268 and 595450598?
3134
Calculate the highest common divisor of 13680 and 133315920.
720
What is the greatest common divisor of 74510507 and 34?
17
Calculate the greatest common divisor of 2842 and 181910834.
98
Calculate the greatest common divisor of 17280 and 14472.
216
Calculate the greatest common divisor of 72 and 540970728.
24
Calculate the highest common factor of 108669 and 451.
11
What is the greatest common divisor of 77 and 332735788?
77
Calculate the highest common divisor of 1909973 and 949.
13
What is the highest common factor of 759 and 7282?
11
What is the greatest common divisor of 927608 and 29083?
127
What is the greatest common divisor of 2268 and 4327596?
252
Calculate the greatest common divisor of 1592361967 and 9778.
4889
Calculate the highest common factor of 264819 and 26507736.
6459
What is the highest common factor of 94345758 and 7163?
377
Calculate the highest common factor of 490 and 222253122.
98
What is the highest common divisor of 28957735 and 536?
67
What is the greatest common factor of 10931870 and 3026?
178
What is the greatest common factor of 28892292 and 13?
13
What is the highest common divisor of 758 and 8786?
2
Calculate the highest common divisor of 337002 and 96.
6
What is the highest common factor of 74363520 and 1419?
33
Calculate the highest common factor of 1453312 and 8120.
56
Calculate the highest common factor of 1 and 22374223.
1
What is the greatest common divisor of 31331 and 24454767?
1843
What is the greatest common divisor of 740914 and 30074?
2734
What is the highest common factor of 2001 and 585787?
23
Calculate the highest common divisor of 6 and 12830168.
2
What is the highest common divisor of 264 and 145629?
33
What is the highest common factor of 5399475 and 12450?
75
What is the highest common factor of 137732957 and 76747?
6977
Calculate the greatest common factor of 145014654 and 42.
6
Calculate the greatest common divisor of 23098340 and 140.
20
Calculate the greatest common factor of 287017579 and 2397.
799
Calculate the highest common divisor of 150 and 149699190.
30
What is the greatest common divisor of 34153 and 1082441?
697
Calculate the greatest common divisor of 32551 and 3315902.
43
Calculate the highest common divisor of 7497271 and 89.
89
Calculate the highest common factor of 11207164 and 729560.
5612
What is the greatest common factor of 1091096 and 2088?
232
Calculate the greatest common factor of 85572861 and 22.
11
Calculate the highest common factor of 4089 and 62495.
29
Calculate the highest common factor of 36 and 104629329.
9
Calculate the highest common factor of 6102369 and 35217.
819
Calculate the highest common divisor of 5329314 and 4824.
1206
Calculate the greatest common factor of 1193269 and 231.
77
What is the greatest common divisor of 14 and 15153722?
2
Calculate the greatest common divisor of 3202 and 87192061.
1601
Calculate the greatest common divisor of 391 and 3046870237.
391
What is the greatest common factor of 121 and 737921283?
121
What is the greatest common divisor of 52 and 132904122?
26
Calculate the greatest common divisor of 1573945306 and 68.
34
What is the highest common divisor of 45192 and 3291?
3
What is the greatest common divisor of 5546 and 1243714?
94
Calculate the greatest common factor of 290167 and 57907.
79
What is the greatest common divisor of 14948 and 507222?
202
Calculate the highest common factor of 192891 and 476253.
1707
Calculate the highest common factor of 10578 and 54038.
82
Calculate the greatest common divisor of 45 and 11107655.
5
Calculate the highest common divisor of 3461244 and 9564.
12
What is the highest common factor of 642363 and 11634?
831
Calculate the highest common factor of 39144 and 5876346.
42
What is the highest common divisor of 1055018 and 878528?
3922
What is the greatest common factor of 237042339 and 153?
51
Calculate the greatest common divisor of 79947 and 48384.
189
Calculate the highest common divisor of 1 and 460087.
1
Calculate the highest common divisor of 26964 and 3874752.
252
What is the highest common factor of 1656 and 41993496?
72
Calculate the greatest common factor of 4608 and 1989888.
768
Calculate the greatest common divisor of 1402 and 122499049.
701
Calculate the greatest common divisor of 111181 and 348929.
49
What is the highest common divisor of 116934244 and 28?
28
What is the greatest common factor of 1734490 and 410?
10
What is the highest common factor of 2940 and 31042130?
70
What is the greatest common factor of 8796174 and 996?
498
Calculate the greatest common factor of 92528850 and 73425.
6675
Calculate the greatest common divisor of 209398 and 8204.
14
Calculate the greatest common factor of 3969 and 260091.
81
Calculate the highest common factor of 7068500 and 80180.
4220
Calculate the highest common divisor of 34440 and 13308805.
205
What is the highest common factor of 48 and 494812048?
16
What is the highest common factor of 3519888 and 156?
12
Calculate the greatest common divisor of 205565 and 1836.
1
What is the greatest common divisor of 5035 and 19034276?
19
What is the greatest common factor of 18074 and 423507386?
2582
What is the highest common factor of 49584 and 885264?
48
Calculate the highest common divisor of 1 and 35993.
1
What is the highest common divisor of 105 and 3873534?
21
What is the greatest common factor of 471 and 71301?
3
Calculate the highest common factor of 12670 and 62370.
70
What is the greatest common divisor of 26904 and 1222008?
1416
What is the greatest common factor of 4277 and 22273958?
329
Calculate the highest common divisor of 3503 and 709315464.
3503
Calculate the greatest common factor of 1050 and 552810.
30
Calculate the greatest common divisor of 7676 and 66458.
202
Calculate the greatest common divisor of 314556 and 92664.
132
Calculate the greatest common divisor of 30227131 and 4235.
121
What is the greatest common divisor of 10176093 and 117?
9
What is the highest common factor of 187244120 and 4170?
1390
What is the highest common divisor of 35161 and 228221?
7
What is the highest common divisor of 569062 and 50482?
86
What is the highest common divisor of 16 and 1798366?
2
Calculate the highest common divisor of 479705 and 611948.
2593
What is the highest common factor of 480734 and 8007?
157
Calculate the greatest common factor of 469539 and 39150.
261
Calculate the greatest common factor of 7503 and 479277.
183
Calculate the greatest common divisor of 1368 and 2764364796.
684
Calculate the greatest common factor of 93318780 and 229200.
11460
Calculate the greatest common factor of 7026615 and 2415.
345
What is the greatest common factor of 70 and 36731422?
14
Calculate the greatest common factor of 4471396 and 8468.
292
Calculate the greatest common factor of 1351117 and 29.
1
Calculate the greatest common divisor of 1655790 and 8148.
582
What is the greatest common factor of 8925 and 145968375?
8925
What is the highest common factor of 2652 and 1654644?
204
Calculate the greatest common divisor of 1667134 and 79709.
1351
Calculate the highest common factor of 42 and 909654.
6
Calculate the highest common divisor of 1507 and 1030469.
11
Calculate the highest common divisor of 6556950 and 54.
54
Calculate the greatest common divisor of 47833626 and 78.
6
Calculate the greatest common factor of 48338510 and 110.
110
What is the greatest common divisor of 690 and 4484586?
138
What is the greatest common divisor of 44436138 and 23?
23
Calculate the highest common factor of 313011 and 2160.
27
Calculate the greatest common factor of 5515788 and 16.
4
Calculate the greatest common divisor of 703 and 23668937.
37
Calculate the highest common divisor of 1760 and 30848840.
440
What is the highest common divisor of 20284059 and 127?
127
What is the greatest common factor of 12376 and 52559206?
238
What is the highest common divisor of 40 and 4950745?
5
Calculate the highest common divisor of 4 and 96157036.
4
What is the greatest common factor of 12423 and 64632728?
4141
What is